{"id":255,"date":"2019-06-21T00:27:27","date_gmt":"2019-06-20T22:27:27","guid":{"rendered":"http:\/\/lejardindejacky.fr\/?page_id=255"},"modified":"2020-01-12T12:18:01","modified_gmt":"2020-01-12T11:18:01","slug":"mon-producteur","status":"publish","type":"page","link":"https:\/\/lejardindejacky.fr\/?page_id=255","title":{"rendered":"Mon Producteur"},"content":{"rendered":"\n<div class=\"wp-block-image\"><figure class=\"aligncenter is-resized\"><img loading=\"lazy\" src=\"https:\/\/i0.wp.com\/lejardindejacky.fr\/wp-content\/uploads\/2020\/01\/IMG_4852-e1578764148479-1006x1024.jpg?resize=503%2C512\" alt=\"\" class=\"wp-image-11577\" width=\"503\" height=\"512\" srcset=\"https:\/\/i0.wp.com\/lejardindejacky.fr\/wp-content\/uploads\/2020\/01\/IMG_4852-e1578764148479.jpg?resize=1006%2C1024&amp;ssl=1 1006w, https:\/\/i0.wp.com\/lejardindejacky.fr\/wp-content\/uploads\/2020\/01\/IMG_4852-e1578764148479.jpg?resize=295%2C300&amp;ssl=1 295w, https:\/\/i0.wp.com\/lejardindejacky.fr\/wp-content\/uploads\/2020\/01\/IMG_4852-e1578764148479.jpg?resize=768%2C781&amp;ssl=1 768w, https:\/\/i0.wp.com\/lejardindejacky.fr\/wp-content\/uploads\/2020\/01\/IMG_4852-e1578764148479.jpg?resize=324%2C330&amp;ssl=1 324w, https:\/\/i0.wp.com\/lejardindejacky.fr\/wp-content\/uploads\/2020\/01\/IMG_4852-e1578764148479.jpg?resize=416%2C423&amp;ssl=1 416w, https:\/\/i0.wp.com\/lejardindejacky.fr\/wp-content\/uploads\/2020\/01\/IMG_4852-e1578764148479.jpg?w=1960 1960w\" sizes=\"(max-width: 503px) 100vw, 503px\" data-recalc-dims=\"1\" \/><\/figure><\/div>\n\n\n\n<h3 style=\"text-align:center\">Jacques Dumont-Samson<\/h3>\n\n\n\n<p style=\"text-align:center\">Je suis install\u00e9 comme agriculteur depuis environ une trentaine d&rsquo;ann\u00e9e, sur des terres situ\u00e9es sur Chasselay dans le Rh\u00f4ne pour le mara\u00eechage et sur des communes proches pour la culture des c\u00e9r\u00e9ales.\u00a0<br>Mon p\u00e8re, mara\u00eecher, m&rsquo;a transmis le go\u00fbt de travailler la terre; j&rsquo;ai commenc\u00e9 par la culture des c\u00e9r\u00e9ales, puis, depuis 15 ans j&rsquo;ai agrandi mon exploitation en ajoutant l&rsquo;activit\u00e9 de mara\u00eechage sur environ 5,5 hectares depuis quelques ann\u00e9es.\u00a0<br>Depuis l&rsquo;ann\u00e9e derni\u00e8re j&#8217;emploie un ou deux saisonniers pour le ramassage des l\u00e9gumes de mai \u00e0 d\u00e9cembre.\u00a0<br>Je pratique une agriculture raisonn\u00e9e dans le respect de la terre et de l&rsquo;environnement, ce qui me permet de proposer aux consommateurs, des l\u00e9gumes de saison, frais et de qualit\u00e9, ramass\u00e9s \u00e0 maturit\u00e9.<\/p>\n\n\n\n<p style=\"text-align:center\">J&rsquo;exerce \u00e9galement une activit\u00e9 c\u00e9r\u00e9ali\u00e8re sur une centaine d&rsquo;hectares, pratiqu\u00e9e en agriculture de conservation avec la technique de \u00ab&nbsp;non-labour&nbsp;\u00bb, en semi direct sous couverts v\u00e9g\u00e9taux. Pr\u00e9server la qualit\u00e9 de la terre est ma priorit\u00e9, afin qu&rsquo;elle puisse continuer \u00e0 nous nourrir.<\/p>\n","protected":false},"excerpt":{"rendered":"<p>Jacques Dumont-Samson Je suis install\u00e9 comme agriculteur depuis environ une trentaine d&rsquo;ann\u00e9e, sur des terres situ\u00e9es sur Chasselay dans le Rh\u00f4ne pour le mara\u00eechage et sur des communes proches pour la culture des c\u00e9r\u00e9ales.\u00a0Mon p\u00e8re, mara\u00eecher, m&rsquo;a transmis le go\u00fbt de travailler la terre; j&rsquo;ai commenc\u00e9 par la culture des c\u00e9r\u00e9ales, puis, depuis 15 ans [&hellip;]<\/p>\n","protected":false},"author":1,"featured_media":0,"parent":0,"menu_order":0,"comment_status":"closed","ping_status":"closed","template":"","meta":{"_et_pb_use_builder":"","_et_pb_old_content":"","_et_gb_content_width":""},"yoast_head":"<!-- This site is optimized with the Yoast SEO plugin v19.6.1 - https:\/\/yoast.com\/wordpress\/plugins\/seo\/ -->\n<title>Mon Producteur - Le Jardin de Jacky<\/title>\n<meta name=\"robots\" content=\"index, follow, max-snippet:-1, max-image-preview:large, max-video-preview:-1\" \/>\n<link rel=\"canonical\" href=\"http:\/\/lejardindejacky.fr\/?page_id=255\" \/>\n<meta property=\"og:locale\" content=\"fr_FR\" \/>\n<meta property=\"og:type\" content=\"article\" \/>\n<meta property=\"og:title\" content=\"Mon Producteur - Le Jardin de Jacky\" \/>\n<meta property=\"og:description\" content=\"Jacques Dumont-Samson Je suis install\u00e9 comme agriculteur depuis environ une trentaine d&rsquo;ann\u00e9e, sur des terres situ\u00e9es sur Chasselay dans le Rh\u00f4ne pour le mara\u00eechage et sur des communes proches pour la culture des c\u00e9r\u00e9ales.\u00a0Mon p\u00e8re, mara\u00eecher, m&rsquo;a transmis le go\u00fbt de travailler la terre; j&rsquo;ai commenc\u00e9 par la culture des c\u00e9r\u00e9ales, puis, depuis 15 ans [&hellip;]\" \/>\n<meta property=\"og:url\" content=\"http:\/\/lejardindejacky.fr\/?page_id=255\" \/>\n<meta property=\"og:site_name\" content=\"Le Jardin de Jacky\" \/>\n<meta property=\"article:modified_time\" content=\"2020-01-12T11:18:01+00:00\" \/>\n<meta property=\"og:image\" content=\"http:\/\/lejardindejacky.fr\/wp-content\/uploads\/2020\/01\/IMG_4852-e1578764148479-1006x1024.jpg\" \/>\n<meta name=\"twitter:card\" content=\"summary_large_image\" \/>\n<meta name=\"twitter:label1\" content=\"Dur\u00e9e de lecture estim\u00e9e\" \/>\n\t<meta name=\"twitter:data1\" content=\"1 minute\" \/>\n<script type=\"application\/ld+json\" class=\"yoast-schema-graph\">{\"@context\":\"https:\/\/schema.org\",\"@graph\":[{\"@type\":\"WebPage\",\"@id\":\"http:\/\/lejardindejacky.fr\/?page_id=255\",\"url\":\"http:\/\/lejardindejacky.fr\/?page_id=255\",\"name\":\"Mon Producteur - Le Jardin de Jacky\",\"isPartOf\":{\"@id\":\"http:\/\/lejardindejacky.fr\/#website\"},\"datePublished\":\"2019-06-20T22:27:27+00:00\",\"dateModified\":\"2020-01-12T11:18:01+00:00\",\"breadcrumb\":{\"@id\":\"http:\/\/lejardindejacky.fr\/?page_id=255#breadcrumb\"},\"inLanguage\":\"fr-FR\",\"potentialAction\":[{\"@type\":\"ReadAction\",\"target\":[\"http:\/\/lejardindejacky.fr\/?page_id=255\"]}]},{\"@type\":\"BreadcrumbList\",\"@id\":\"http:\/\/lejardindejacky.fr\/?page_id=255#breadcrumb\",\"itemListElement\":[{\"@type\":\"ListItem\",\"position\":1,\"name\":\"Accueil\",\"item\":\"http:\/\/lejardindejacky.fr\/\"},{\"@type\":\"ListItem\",\"position\":2,\"name\":\"Mon Producteur\"}]},{\"@type\":\"WebSite\",\"@id\":\"http:\/\/lejardindejacky.fr\/#website\",\"url\":\"http:\/\/lejardindejacky.fr\/\",\"name\":\"Le Jardin de Jacky\",\"description\":\"Producteur de l\u00e9gumes \u00e0 Chasselay\",\"publisher\":{\"@id\":\"http:\/\/lejardindejacky.fr\/#organization\"},\"potentialAction\":[{\"@type\":\"SearchAction\",\"target\":{\"@type\":\"EntryPoint\",\"urlTemplate\":\"http:\/\/lejardindejacky.fr\/?s={search_term_string}\"},\"query-input\":\"required name=search_term_string\"}],\"inLanguage\":\"fr-FR\"},{\"@type\":\"Organization\",\"@id\":\"http:\/\/lejardindejacky.fr\/#organization\",\"name\":\"Le Jardin de Jacky\",\"url\":\"http:\/\/lejardindejacky.fr\/\",\"sameAs\":[],\"logo\":{\"@type\":\"ImageObject\",\"inLanguage\":\"fr-FR\",\"@id\":\"http:\/\/lejardindejacky.fr\/#\/schema\/logo\/image\/\",\"url\":\"https:\/\/i0.wp.com\/lejardindejacky.fr\/wp-content\/uploads\/2019\/09\/logo-jardin-de-jacky.png?fit=1156%2C526&ssl=1\",\"contentUrl\":\"https:\/\/i0.wp.com\/lejardindejacky.fr\/wp-content\/uploads\/2019\/09\/logo-jardin-de-jacky.png?fit=1156%2C526&ssl=1\",\"width\":1156,\"height\":526,\"caption\":\"Le Jardin de Jacky\"},\"image\":{\"@id\":\"http:\/\/lejardindejacky.fr\/#\/schema\/logo\/image\/\"}}]}<\/script>\n<!-- \/ Yoast SEO plugin. -->","yoast_head_json":{"title":"Mon Producteur - Le Jardin de Jacky","robots":{"index":"index","follow":"follow","max-snippet":"max-snippet:-1","max-image-preview":"max-image-preview:large","max-video-preview":"max-video-preview:-1"},"canonical":"http:\/\/lejardindejacky.fr\/?page_id=255","og_locale":"fr_FR","og_type":"article","og_title":"Mon Producteur - Le Jardin de Jacky","og_description":"Jacques Dumont-Samson Je suis install\u00e9 comme agriculteur depuis environ une trentaine d&rsquo;ann\u00e9e, sur des terres situ\u00e9es sur Chasselay dans le Rh\u00f4ne pour le mara\u00eechage et sur des communes proches pour la culture des c\u00e9r\u00e9ales.\u00a0Mon p\u00e8re, mara\u00eecher, m&rsquo;a transmis le go\u00fbt de travailler la terre; j&rsquo;ai commenc\u00e9 par la culture des c\u00e9r\u00e9ales, puis, depuis 15 ans [&hellip;]","og_url":"http:\/\/lejardindejacky.fr\/?page_id=255","og_site_name":"Le Jardin de Jacky","article_modified_time":"2020-01-12T11:18:01+00:00","og_image":[{"url":"http:\/\/lejardindejacky.fr\/wp-content\/uploads\/2020\/01\/IMG_4852-e1578764148479-1006x1024.jpg"}],"twitter_card":"summary_large_image","twitter_misc":{"Dur\u00e9e de lecture estim\u00e9e":"1 minute"},"schema":{"@context":"https:\/\/schema.org","@graph":[{"@type":"WebPage","@id":"http:\/\/lejardindejacky.fr\/?page_id=255","url":"http:\/\/lejardindejacky.fr\/?page_id=255","name":"Mon Producteur - Le Jardin de Jacky","isPartOf":{"@id":"http:\/\/lejardindejacky.fr\/#website"},"datePublished":"2019-06-20T22:27:27+00:00","dateModified":"2020-01-12T11:18:01+00:00","breadcrumb":{"@id":"http:\/\/lejardindejacky.fr\/?page_id=255#breadcrumb"},"inLanguage":"fr-FR","potentialAction":[{"@type":"ReadAction","target":["http:\/\/lejardindejacky.fr\/?page_id=255"]}]},{"@type":"BreadcrumbList","@id":"http:\/\/lejardindejacky.fr\/?page_id=255#breadcrumb","itemListElement":[{"@type":"ListItem","position":1,"name":"Accueil","item":"http:\/\/lejardindejacky.fr\/"},{"@type":"ListItem","position":2,"name":"Mon Producteur"}]},{"@type":"WebSite","@id":"http:\/\/lejardindejacky.fr\/#website","url":"http:\/\/lejardindejacky.fr\/","name":"Le Jardin de Jacky","description":"Producteur de l\u00e9gumes \u00e0 Chasselay","publisher":{"@id":"http:\/\/lejardindejacky.fr\/#organization"},"potentialAction":[{"@type":"SearchAction","target":{"@type":"EntryPoint","urlTemplate":"http:\/\/lejardindejacky.fr\/?s={search_term_string}"},"query-input":"required name=search_term_string"}],"inLanguage":"fr-FR"},{"@type":"Organization","@id":"http:\/\/lejardindejacky.fr\/#organization","name":"Le Jardin de Jacky","url":"http:\/\/lejardindejacky.fr\/","sameAs":[],"logo":{"@type":"ImageObject","inLanguage":"fr-FR","@id":"http:\/\/lejardindejacky.fr\/#\/schema\/logo\/image\/","url":"https:\/\/i0.wp.com\/lejardindejacky.fr\/wp-content\/uploads\/2019\/09\/logo-jardin-de-jacky.png?fit=1156%2C526&ssl=1","contentUrl":"https:\/\/i0.wp.com\/lejardindejacky.fr\/wp-content\/uploads\/2019\/09\/logo-jardin-de-jacky.png?fit=1156%2C526&ssl=1","width":1156,"height":526,"caption":"Le Jardin de Jacky"},"image":{"@id":"http:\/\/lejardindejacky.fr\/#\/schema\/logo\/image\/"}}]}},"_links":{"self":[{"href":"https:\/\/lejardindejacky.fr\/index.php?rest_route=\/wp\/v2\/pages\/255"}],"collection":[{"href":"https:\/\/lejardindejacky.fr\/index.php?rest_route=\/wp\/v2\/pages"}],"about":[{"href":"https:\/\/lejardindejacky.fr\/index.php?rest_route=\/wp\/v2\/types\/page"}],"author":[{"embeddable":true,"href":"https:\/\/lejardindejacky.fr\/index.php?rest_route=\/wp\/v2\/users\/1"}],"replies":[{"embeddable":true,"href":"https:\/\/lejardindejacky.fr\/index.php?rest_route=%2Fwp%2Fv2%2Fcomments&post=255"}],"version-history":[{"count":3,"href":"https:\/\/lejardindejacky.fr\/index.php?rest_route=\/wp\/v2\/pages\/255\/revisions"}],"predecessor-version":[{"id":11614,"href":"https:\/\/lejardindejacky.fr\/index.php?rest_route=\/wp\/v2\/pages\/255\/revisions\/11614"}],"wp:attachment":[{"href":"https:\/\/lejardindejacky.fr\/index.php?rest_route=%2Fwp%2Fv2%2Fmedia&parent=255"}],"curies":[{"name":"wp","href":"https:\/\/api.w.org\/{rel}","templated":true}]}}